Let c = -5 + 2. Calculate n(c).
-6
Let g be (-4)/16 - (-34)/8. Let a(o) = o**2 + o - 6*o - g + 10. Let h be 1/(((-12)/10)/(-6)). What is a(h)?
6
Let y(l) = -l**3 - l**2 + 2*l - 3. Suppose 5*u + 2*i = 24, u + 0*i - 12 = 2*i. Suppose 0 = -4*h + 2*a + 2, a + 19 = 2*h + u*a. Give y(h).
-11
Let r(q) = -q**3 + 10*q**2 + 11*q - 2. Let y = -157 - -168. Calculate r(y).
-2
Suppose 7*s = 5*s - 6. Let g(n) = -n**3 - 4*n - 3 + 2 + 0*n**3 - 5*n**2 - 1. Calculate g(s).
-8
Let w(t) = 1 - 9*t + 8*t + 1. Calculate w(5).
-3
Let q(c) = -8*c**3 - c**2 + 2*c - 1. Let v = 54 - 53. Calculate q(v).
-8
Let z(o) = 2*o**3 - 2*o**2 + 3*o - 3. Let p(h) = h**2 + 3*h. Let d be p(-4). Suppose 0 = -t - d*t + 15. Suppose 3*f = 3 + t. What is z(f)?
11
Suppose 0*w + w - 6 = 0. Let s = 5 + -5. Suppose -g + w*g = 3*y + 3, s = 3*y + 5*g - 27. Let b(x) = -x + 2. Determine b(y).
-2
Let n(b) = -b**2 + 3*b - 1. Let i(k) = -k**2 + 4*k - 4. Let d be i(3). Let z(x) = -4*x - 1. Let r be z(d). Calculate n(r).
-1
Let x(h) = -h**2 - 7*h - 5. Let w be x(-6). Let z = 2 - w. Let r(u) = -3 + 3*u**3 - 4*u**3 + 3*u**2 + 0 + z. What is r(3)?
-2
Let m = 0 + -5. Let x(c) be the third derivative of c**4/24 - c**3/3 + c**2 - 21. What is x(m)?
-7
Let a(l) = l**2 - l - 1. Let t(c) = -11*c - 5*c**2 + c**2 - 2 - c**3 + 6*c**2 + 9*c**2. Let n(s) = -6*a(s) + t(s). Calculate n(3).
7
Let z(s) be the first derivative of s**3/3 - 6*s**2 + 4*s + 8. What is z(11)?
-7
Let r(l) = l**2 + 5*l - 5. Let t(q) = q**2 + 6*q - 6. Let j be 6 - (-1 - -1 - 0). Let n(o) = j*r(o) - 5*t(o). Calculate n(-2).
4
Let z(i) = 6*i**3 - 2*i + 1. Suppose 7 = y + 6. Give z(y).
5
Suppose -2*q + 2 = -10. Let o = -3 + q. Let r(b) = -2*b + 3. Determine r(o).
-3
Let q(k) = -k**2 + 3*k + 1. Suppose 2*z - 2*c = 10, -6*z + 25 = -2*z - 5*c. Let f = -6 - z. Let i(x) = -x - 2. Let j be i(f). Calculate q(j).
-3
Let q(k) = k - 10. Let r be q(9). Let l = r + 1. Let h(t) = -2*t - 4*t - 2 + l*t**2 - t**2. Calculate h(-3).
7
Let r(i) = -i. Let g be 3 - 5 - 2*-3. Suppose 0*y = -y + g. Calculate r(y).
-4
Suppose -q - 3*q = 4. Let m(r) = r + 1. Suppose 3*l - 6*l = -9. Let n(x) = 4*x + 3. Let h(z) = l*n(z) - 8*m(z). Determine h(q).
-3
Let h = -9 + 12. Let g(t) = 2*t + 2. Calculate g(h).
8
Let s(z) = -13*z**3 - 11*z**2 + 17*z + 33. Let t(u) = 3*u**3 + 3*u**2 - 4*u - 8. Let h(g) = -2*s(g) - 9*t(g). Let i = 4 - 9. Determine h(i).
-4
Let o(x) = -x**2 + 6*x - 4. Let m be o(4). Let r(j) = -j**3 + 5*j**2 - 6*j + 6. Give r(m).
-2
Let n = -135 - -130. Let a(z) be the third derivative of -z**5/60 - z**4/4 + 7*z**3/6 + z**2. Give a(n).
12
Suppose k + k = 8. Suppose -4*c + k*n + 12 = 0, -4*c - 5*n + 4 = -17. Let b(p) = 1 + c*p - p**3 - 2*p**2 - 1 + 2. Give b(-3).
-1
Let l(q) = -3*q**2 + 2*q + 2. Let t = 32 - 30. Calculate l(t).
-6
Let l(w) = -w - 2. Let u be 11 + -6 - 1/1. Suppose -9 = u*f + 11. Give l(f).
3
Let l = -10 + 5. Let m(a) = -a**2 - 5*a + 1. Let b be m(l). Let k be (1 + b/(-2))*8. Let u(d) = -d**2 + d + 5. Calculate u(k).
-7
Let b be 8/10*(-25)/(-10). Suppose 2*n + 3*v = -1, 3*n + 5*v + b = -0. Let h(l) = l**3 + l**2 + l - 1. Calculate h(n).
2
Let d(n) = 6*n**3 - 4*n**2 + 16*n + 1. Let t(k) = -k**3 - 3*k - 1. Let h(p) = d(p) + 5*t(p). Suppose f + q = 4*q, f = q + 2. Calculate h(f).
-10
Let v(t) = 4*t**3 + 3 + 4 - 3*t**2 + t - 5*t**3 - 4*t**2. Determine v(-7).
0
Let c(b) = -6*b - 3 + 4*b**2 + 0*b**2 - 3*b**2 + 0*b**2. Determine c(5).
-8
Let s(t) = -2*t - t**2 - 2 + 2*t**2 - 14*t**3 + 13*t**3 + t**2. Give s(2).
-6
Let y = 2 - 1. Suppose o = -4*j - 6, 0 = 4*o - j - 3 - 7. Let g(m) = 0 + o + y - m. Give g(-5).
8
Suppose -x + 4*x - k - 7 = 0, -5*x + 45 = 5*k. Suppose x*f + 10 = -f + 5*a, -a + 17 = 4*f. Let u(p) = -p**2 + 3*p - 1. Calculate u(f).
-1
Let q(p) be the third derivative of p**4/6 + p**3/6 - 21*p**2. What is q(5)?
21
Let z(h) = 0*h - 2*h + 3 - h**2 - 3*h. Let m be z(-5). Let a = 7 - m. Let y(k) = -k**3 + 5*k**2 - 2*k - 4. Determine y(a).
4
Let j(d) be the first derivative of d**5/20 + 5*d**4/12 + d**3/6 - 5*d**2/2 + 3*d - 2. Let l(v) be the first derivative of j(v). Determine l(-4).
7
Let q(t) be the first derivative of -t**3/3 + 9*t**2/2 - 9*t - 2. Let k be -21*(15/9 - 2). Let s be q(k). Let r(y) = -y + 2. Give r(s).
-3
Let p(f) = 2 + 9*f**3 - 3*f**2 + 2*f - 3 - 10*f**3 + f. Suppose -3*m = 3 - 0, -2*m = 3*q + 11. Calculate p(q).
-10
Suppose -3*z = 4*t - t - 9, z = -2*t - 1. Let p(s) = s**2 - 9*s + 6. Calculate p(z).
-8
Let u(d) = -d**2 - 4*d + 3. Suppose -2*x + 3*f - 21 = 0, f - 27 = 5*x - x. Let v be 1/(-2) - 3/x. Suppose -c = 0, -6 = -3*o - 2*c - v. Determine u(o).
-9
Let l = 10 + -6. Let v be l/10 + (-4)/10. Let x be v/(-3) - 3/(-1). Let q(y) = -4*y + 4. Calculate q(x).
-8
Let s(f) = -2*f - 6. Suppose -15 = 4*p + h, 4*p + 4*h + 4 = 2*p. Calculate s(p).
2
Let x(c) = c**2 - c + 1. Let w(b) = -b + 0*b**3 - 2*b**3 - 3 - 3*b**2 - b. Let d be w(-2). Suppose -d*n = -8 - 2. What is x(n)?
3
Let v = -3 - -3. Suppose 11 = 2*x - m + 4, x - 2*m - 8 = v. Let b(p) = p**2 + 3*p - 3. Give b(x).
7
Let i(b) = 9*b - 17 - b**2 + 10 + 1. Give i(7).
8
Let a(h) = -h**2 - 3. Let t(u) = -1. Let o(d) = -a(d) + 2*t(d). Give o(0).
1
Suppose 2*d + 6 = 5*d. Let p(o) = -2 - 16*o + 9*o + 3 - o**d. What is p(-3)?
13
Let u(z) be the second derivative of -z**3/2 - z**2/2 - 27*z. Calculate u(-6).
17
Let v be (-2 - (-7)/2)*6. Suppose t - v = -0*t. Suppose 0 = 3*m - 0 + t. Let z(x) = -x**2 - 5*x - 4. Determine z(m).
2
Let m(i) = -3 - 2*i - 8*i**2 + 5*i**2 + 2. Give m(-2).
-9
Suppose -9 = t + 2*t. Let j = t - 1. Let w(r) = -r. Determine w(j).
4
Let n(t) be the third derivative of -t**6/240 + t**5/120 - t**4/24 + 4*t**2. Let x(a) be the second derivative of n(a). Let v = 3 - 4. Determine x(v).
4
Let u(v) = v**2 + 2*v - 7. Let s(p) = 3*p - 78. Let a be s(25). Determine u(a).
-4
Let h be -1 + 2 - 1/(-1). Let l(d) be the third derivative of -d**6/120 + d**4/24 + d**3/3 + 6*d**2. Determine l(h).
-4
Let o(j) = 3*j**2 + 11*j - 2. Let t(r) = -2*r**2 - 6*r + 1. Let i(a) = -6*o(a) - 11*t(a). Calculate i(-1).
5
Let t(h) = -h - 8. Let k = -22 - -22. What is t(k)?
-8
Let t(r) be the first derivative of 1 + 0*r - 1/2*r**2. Give t(-4).
4
Let u(j) = 4 + 2*j**2 + 0*j - 2*j - 3 - j**2 - 12*j**3. Give u(1).
-12
Let q(s) = 10*s**2 - 2*s - 1. Let h(b) = -31*b**2 + 7*b + 4. Let a(u) = -2*h(u) - 7*q(u). Determine a(-1).
-9
Suppose -5*y - 7 + 2 = 3*n, -5*n + 21 = y. Let f(o) = o**2 - 4*o + 2. Determine f(n).
7
Suppose 4*c + 5 = 5*k - 10, 6 = 2*k + 4*c. Suppose 0 = v - 4*v + 12. Suppose 4*g + v*l = -28, -3 = 5*g - k*l - 8. Let d(a) = -2*a. Determine d(g).
4
Let t = -10 + 15. Suppose -2*u = -3*x - t, -u + 6 = 4*x + 20. Let v(b) be the first derivative of -2*b**3/3 - 3*b**2/2 - 2*b + 1. Determine v(u).
-4
Let u(l) be the first derivative of l**4/4 + 4*l**3/3 - 3*l**2 - 5*l - 7. Let h(a) = a**2 + 6*a + 3. Let f be h(-2). Calculate u(f).
0
Suppose 0*o - 2*o + 6 = 0. Let k be (0 + o/(-6))*-2. Let m(i) = -i**2. Calculate m(k).
-1
Let t = -10 + 16. Let r(g) = 6*g**2 + g - 6. Let z(j) = -5*j**2 + 5. Let c(l) = t*r(l) + 7*z(l). Let k = -25 - -20. Determine c(k).
-6
Let v(m) = -m + 7. Let l(b) = -b**2 + 4. Let n be l(3). Calculate v(n).
12
Let q(l) = -l**2. Let j be q(-2). Let g = j - -8. Let k(o) = -4*o + 4. Let p(v) = -5*v + 4. Let f(c) = g*k(c) - 3*p(c). Determine f(-5).
9
Let a(o) = o**3 - 3*o**2 + 2*o - 2. Suppose 4*q = c + 14, 4*q - 2*c = -6*c + 4. Suppose -4*i - 5 - q = 4*d, 5*d - 4*i - 26 = 0. What is a(d)?
-2
Let h(w) = -3*w**2 + w. Let l be h(2). Let g = -6 - l. Let u(q) = -1 - 5*q**3 + 4*q - g*q + q**3. Determine u(-1).
3
Let c(x) = -x. Suppose 2*b + 12 = -2*w, 3*w = 8*w - b. Let o be w + (1 - -2) + 0. Give c(o).
-2
Let y(x) = -x + 111 - 111. Calculate y(5).
-5
Let z(p) = 5*p**3 - 4*p**3 + 18*p - 2*p**2 - 1 - 21*p. What is z(3)?
-1
Let w(j) = 4*j - 9. Let v(h) = 8*h - 18. Let o(a) = -6*v(a) + 11*w(a). Let q(b) = b - 2. Let l(n) = 2*o(n) + 11*q(n). Give l(3).
5
Let s be -1*(-1 + 7)/(-2). Let k be (-3)/1 - (5 - s). Let b(p) be the third derivative of -p**5/60 - 7*p**4/24 - 7*p**3/6 - p**2. What is b(k)?
3
Let r(o) = -7 + 11 + 2 - o + 3*o. Calculate r(-5).
-4
Let y(z) be the second derivative of -z**3/6 + z**2 + z. Let c(p) = 3*p - 3. Let o be c(4). Suppose -o = -5*l + 11. Calculate y(l).
-2
Let p(z) = -20*z**2 - 1